. Determine y(-2).
-2
Let u(j) = j**2 - 10898*j - 119995. What is u(-11)?
4
Let a(l) = -l**3 - 51*l**2 + 342*l + 3586. Give a(-56).
114
Let f(t) = -4331*t + 51913. Determine f(12).
-59
Let v(y) = -y**3 - 330*y**2 + 4776*y + 538. Determine v(14).
-22
Let y(t) = 133*t - 1209. Give y(19).
1318
Let k(i) = 30816*i + 92417. What is k(-3)?
-31
Let g(r) = -799*r - 118287. Give g(-148).
-35
Let r(t) = 16046*t - 16168. Calculate r(1).
-122
Let q(g) = 358*g**2 + 71608*g + 1604. Determine q(-200).
4
Let c(j) = 13281*j + 146092. Give c(-11).
1
Let f(x) = 11*x**2 + 75*x + 89. Calculate f(-10).
439
Let n(y) = 205140*y + 2461660. Calculate n(-12).
-20
Let c(v) = -2*v**2 - 10352*v - 31037. Calculate c(-3).
1
Let u(y) = -52*y**3 + 201*y**2 - 68*y - 85. Determine u(3).
116
Let v(b) = b**2 + 548*b - 9694. Calculate v(17).
-89
Let b(f) = -f**2 - 7771*f + 406819. Determine b(52).
23
Let a(o) = -1181*o**2 - 4456*o - 4455. Give a(-1).
-1180
Let f(g) = 609*g + 3463. What is f(-7)?
-800
Let i(g) = 167*g**2 + 1192*g + 171. Give i(-7).
10
Let k(f) = -f**2 + 1126*f + 598874. Determine k(1520).
-6
Let c(y) = -53*y**2 + 2692*y + 161. Give c(51).
-400
Let h(z) = 24*z**2 - 431*z - 1668. Determine h(21).
-135
Let v(w) = 66*w**3 - 4*w**2 + 383*w - 761. Calculate v(2).
517
Let l(a) = 2*a**2 + 146*a + 412. Give l(-70).
-8
Let o(w) = -w**2 - 263*w + 27110. Determine o(-340).
930
Let p(u) = -u**3 + 13*u**2 + 30*u + 1. Calculate p(15).
1
Let y(m) = m**3 - 159*m**2 + 1132*m - 153873. Determine y(158).
19
Let f(z) = -29556*z - 88756. Determine f(-3).
-88
Let k(r) = -3*r**3 - 33*r**2 + 669*r + 6464. Determine k(-9).
-43
Let h(f) = -34*f**2 - 5*f + 477. Calculate h(4).
-87
Let j(x) = -x**2 - 587271*x + 3523662. Give j(6).
0
Let c(a) = -67*a**3 + 35*a**2 + 56*a - 87. What is c(1)?
-63
Let x(m) = -m**2 - 6163*m - 931235. Calculate x(-155).
5
Let z(a) = a**2 + 11927*a + 166786. What is z(-14)?
4
Let b(v) = -5*v**3 - 313*v**2 - 1869*v - 104343. Determine b(-62).
3
Let i(f) = 8*f**2 + 1563*f + 48200. Determine i(-157).
1
Let q(k) = -6*k**2 - 921*k - 406. What is q(-153)?
53
Let k(a) = 2180*a - 412024. What is k(189)?
-4
Let x(u) = -44986*u - 1439421. Determine x(-32).
131
Let q(s) = -5*s**2 - 931*s - 3829. Determine q(-182).
-7
Let o(k) = -k**3 - 103*k**2 + 103*k - 6. Calculate o(-104).
98
Let o(p) = -44662*p - 312629. Calculate o(-7).
5
Let m(o) = 48*o**3 + 23*o**2 + 38*o. Determine m(-2).
-368
Let g(o) = 16*o**2 + 530*o + 1080. Determine g(-31).
26
Let t(y) = 453*y**2 + 573*y + 574. Determine t(-1).
454
Let s(a) = -51100*a + 6080904. Give s(119).
4
Let x(r) = 15*r**3 - 89*r**2 - 2070*r - 1979. Calculate x(-1).
-13
Let o(q) = q**3 - 2*q**2 - 6*q + 43. Calculate o(3).
34
Let n(g) = -8*g**3 + 241*g**2 - 36*g + 98. Give n(30).
-82
Let l(g) = 2451*g + 156872. What is l(-64)?
8
Let g(s) = -144*s + 15954. What is g(115)?
-606
Let c(n) = 2234969*n + 29054596. Calculate c(-13).
-1
Let r(y) = 1296*y**2 + 1178*y - 119. What is r(-1)?
-1
Let j(s) = 3722*s - 14882. Give j(4).
6
Let m(o) = -o**3 + 36*o**2 + 20*o - 2420. What is m(34)?
572
Let u(k) = 181*k - 14359. Give u(81).
302
Let h(s) = -3*s**3 + 247*s**2 + 240*s - 4963. Give h(83).
1179
Let w(v) = -v**2 - 14246*v + 71240. Give w(5).
-15
Let i(m) = -m**2 - 211*m + 2436. Determine i(12).
-240
Let k(b) = -b**2 - 11760*b + 82370. Give k(7).
1
Let q(w) = 4*w**2 - 207*w + 1461. Determine q(45).
246
Let m(n) = -46*n**2 - 186*n + 566. Calculate m(3).
-406
Let v(l) = -12*l - 1464. Determine v(-13).
-1308
Let z(k) = -95*k**2 - 1058*k - 2116. What is z(-2)?
-380
Let l(i) = i**3 - 548*i**2 - 13104*i + 657202. Determine l(569).
7
Let t(z) = 96818*z + 2904527. Determine t(-30).
-13
Let p(i) = 19*i**2 - 837*i + 8523. Calculate p(28).
-17
Let f(h) = 3*h**3 + 40*h**2 - 90*h - 826. Determine f(-18).
-3742
Let u(q) = -1990*q + 1721. Determine u(1).
-269
Let d(q) = 5343*q - 58796. Determine d(11).
-23
Let x(i) = 4410*i - 31521. What is x(6)?
-5061
Let x(i) = 15977*i + 479314. Calculate x(-30).
4
Let m(u) = -17*u**3 - 64*u**2 + 12*u - 13. Give m(-4).
3
Let z(p) = -145*p + 1662. Determine z(8).
502
Let d(o) = 18*o**2 - 1186*o + 1046. Determine d(65).
6
Let p(m) = -3*m**3 + 16*m**2 - 52*m - 14. Give p(3).
-107
Let f(v) = 34*v**3 - 6187*v**2 - 180*v - 312. What is f(182)?
52
Let y(l) = -5139*l**2 + 30828*l + 27. Give y(6).
-9
Let z(l) = 24*l**2 + 346*l + 1783. Give z(-5).
653
Let u(r) = -47*r**3 - 150*r**2 - 9*r - 24. What is u(-3)?
-78
Let k(b) = -2*b**3 - 191*b**2 - 72*b + 2156. Calculate k(-95).
-29
Let t(g) = -119773*g + 3713003. Give t(31).
40
Let v(c) = -26*c + 447. Determine v(12).
135
Let h(a) = 4266*a + 59635. Calculate h(-14).
-89
Let r(a) = 122895*a - 368925. What is r(3)?
-240
Let y(h) = -3*h**3 + 58*h**2 - 132*h - 665. What is y(16)?
-217
Let d(r) = r**3 - 153*r**2 - 75*r + 11456. Determine d(153).
-19
Let m(n) = 619*n + 47063. Give m(-78).
-1219
Let x(q) = -q**2 - 33132*q + 231968. Give x(7).
-5
Let j(s) = s**3 - 140*s**2 - 719*s - 713. Determine j(145).
157
Let s(t) = 2*t**3 - 62*t**2 + 4*t + 171. Calculate s(31).
295
Let b(i) = 2*i**3 + 63*i**2 - 86*i + 454. Determine b(-33).
25
Let n(v) = 279*v**2 - 33*v + 226. What is n(3)?
2638
Let k(c) = 420*c**2 + 163*c + 179. Determine k(-2).
1533
Let b(m) = 51*m**3 - 16*m**2 + 62*m - 50. What is b(4)?
3206
Let d(c) = -24*c**2 - 367*c - 60. Give d(-15).
45
Let i(k) = 2*k**2 + 363*k - 88181. Determine i(138).
1
Let h(v) = 12*v**2 + 75*v + 27. What is h(8)?
1395
Let r(j) = 4*j**2 - 6573*j - 79462. Determine r(-12).
-10
Let d(p) = -p**3 + 92*p**2 + 1023*p - 381. Calculate d(102).
-75
Let y(d) = -5130*d**2 + 6356*d. What is y(1)?
1226
Let l(r) = -3*r**3 + 189*r**2 + 164*r - 9379. Calculate l(63).
953
Let f(b) = 30*b**2 + 512*b + 2101. Determine f(-7).
-13
Let y(d) = -15867*d - 78776. Give y(-5).
559
Let m(w) = 13*w**3 - 222*w**2 - 206*w + 127. Give m(18).
307
Let k(u) = 26*u**2 + 155*u - 1178. Determine k(8).
1726
Let l(m) = -2086*m**2 - 37546*m + 29. What is l(-18)?
-7
Let f(x) = -4293*x - 3541744. What is f(-825)?
-19
Let r(l) = 19*l**2 + 20*l + 645. Determine r(0).
645
Let w(j) = -17308*j - 2925075. What is w(-169)?
-23
Let s(m) = 54*m**2 - 227*m + 1533. Give s(10).
4663
Let u(d) = -2*d**3 - 177*d**2 + 109*d + 1411. Calculate u(-89).
-369
Let r(g) = g**2 - 1362*g - 37546. Determine r(-27).
-43
Let j(m) = -m**2 - 22127*m + 8. Determine j(0).
8
Let j(o) = 9*o**2 + 244*o - 229. Calculate j(-28).
-5
Let j(k) = 376*k - 135785. Give j(359).
-801
Let y(s) = -72556*s - 1378564. What is y(-19)?
0
Let z(o) = -2*o**2 - 3*o + 497. Give z(-17).
-30
Let p(v) = -3*v**3 - 1586*v**2 - 11038*v - 568. Calculate p(-7).
13
Let l(a) = a**3 + 14*a**2 - 443*a - 6410. What is l(-15)?
10
Let z(v) = 480*v**2 + 5047*v - 14. Determine z(-12).
8542
Let o(k) = 5*k**3 - 125*k**2 - 1268*k + 406. Give o(-8).
-10
Let d(u) = -3*u**3 + 32*u**2 - 181*u + 343. Give d(3).
7
Let s(d) = -5853*d - 5736. Calculate s(-1).
117
Let o(k) = -2*k**2 + 4232*k - 58917. Calculate o(14).
-61
Let s(z) = 2*z**3 - 1953*z**2 + 13566*z + 69. What is s(7)?
20
Let f(s) = 848*s**2 - 51709*s + 5. What is f(61)?
1164
Let m(a) = -11416*a + 20946. Calculate m(2).
-1886
Let t(k) = 127*k**2 + 69*k + 203. What is t(-3)?
1139
Let p(w) = 102*w - 8939. What is p(91)?
343
Let l(v) = -85404*v + 512428. What is l(6)?
4
Let g(n) = 116*n + 1643. Determine g(-18).
-445
Let m(x) = 39*x**3 - 22*x**2 - 52*x + 160. Calculate m(-4).
-2480
Let a(v) = 75*v**2 - 5206*v + 38493. Give a(61).
2
Let g(l) = -2*l**3 + l**2 + 88*l + 341. Determine g(-5).
176
Let a(k) = 30849*k + 2838103. Calculate a(-92).
-5
Let c(d) = -266926*d - 12278589. Give c(-46).
7
Let a(r) = -r**2 + 28*r - 575. What is a(12)?
-383
Let k(y) = -155*y - 2335. Give k(-16).
145
Let n(o) = -5733*o + 34345. Give n(6).
-53
Let o(j) = 339*j - 2414. Calculate o(7).
-41
Let f(a) = 3*a**2 - 101*a - 115. What is f(26)?
-713
Let v(r) = -205*r**3 - 2*r**2 - 818*r + 1629. Give v(2).
-1655
Let y(p) = 124*p**3 - p**2 + 10*p - 24. Calculate y(2).
984
Let t(p) = 7*p**2 - 107*p - 739. What is t(-17)?
3103
Let a(l) = l**2 + 308*l - 2217. Give a(7).
-12
Let p(x) = x**3 - 235*x**2 + 4302*x - 30. Determine p(20).
10
Let l(j) = -j**3 + 8*j**2 + 743*j + 692. Calculate l(-23).
2
Let o(r) = 18581*r**2 + 185817*r + 5. Give o(-10).
-65
Let j(s) = -s**3 - 85*s*